2*j + 4*h - 135. Does 9 divide j?
True
Suppose -16 = 4*q - 8*q. Let o(r) = r**3 - 2*r**2 - r - 5. Is o(q) a multiple of 5?
False
Let r = -10 - -63. Does 11 divide r?
False
Suppose -40 = 2*f - 148. Is 27 a factor of f?
True
Let c(y) = 45*y - 1. Let m be c(1). Suppose -4*f - 24 = -6*f. Let x = m - f. Is x a multiple of 16?
True
Suppose -j + 1 = -3. Suppose 5*o = 15, -g = 3*g + j*o - 64. Is g a multiple of 11?
False
Suppose -113*d + 115*d = 16. Let k(w) = w**2 - 1. Let b(r) = r**3 - r**2 - 6*r - 15. Let g(h) = b(h) - 6*k(h). Does 2 divide g(d)?
False
Suppose 0*f = -f + 3*i + 21, 0 = -5*f + i + 49. Suppose p - k - f = 0, -3*k = 4*p - 9 - 6. Is 2 a factor of p?
True
Is -60*-9*(-12)/(-18) a multiple of 45?
True
Let k(o) = 6*o - 4 - 2 - 3 + 2. Is 23 a factor of k(5)?
True
Suppose -8*p + 3*p = 85. Let x = -10 - p. Is x a multiple of 5?
False
Is ((-3)/2)/((-6)/516) a multiple of 28?
False
Suppose 2*g = -3*g. Suppose -4*v + 27 = z, -4*v + z - 3*z + 26 = g. Is v even?
False
Let v(h) be the third derivative of -h**5/60 + 5*h**4/24 - h**3/2 + h**2. Is 3 a factor of v(3)?
True
Let p(i) = i + 5 + 2 + 7*i**2 - 3 - 6*i**2. Is p(-7) a multiple of 23?
True
Let w be 1*2 - (2 + -1). Is 4 a factor of ((-30)/18)/(w/(-6))?
False
Suppose 2*l - 48 = -2*i, -2*l + 48 = -l - 5*i. Suppose g = -g - l. Let z = 30 + g. Is 8 a factor of z?
True
Suppose 4*r + 0*r = 16. Suppose 0 = r*i - i + 4*y - 28, 0 = -4*i - y + 59. Is 8 a factor of i?
True
Let m = 9 - 6. Suppose 5*a - 9 = 2*b, 2*b - 6*b + 5*a - m = 0. Is 2 a factor of b?
False
Suppose 0 = 2*g - 0 - 2. Does 5 divide -11*g*(-4 - -3)?
False
Let u(t) = 4*t**2 - 1. Let x be u(3). Is 196/10 - (-14)/x a multiple of 13?
False
Let v be 1/((-1)/12*-2). Let p(m) = m**3 - 5*m**2 - m + 6. Is p(v) a multiple of 15?
False
Let m be (0/4 + 118)/(-1). Let g = -76 - m. Does 14 divide g?
True
Let o = -6 + 10. Let u be 2*-10 + 4/o. Let c = u - -34. Does 15 divide c?
True
Let l(c) = 11*c**2 - 6*c + 9. Is 14 a factor of l(4)?
False
Let u = -3 - -1. Let n be (-2)/(-3)*(-6)/u. Suppose -37 - 12 = -n*l - 5*f, -5*l + 134 = f. Is 13 a factor of l?
False
Suppose 2*b - 62 = -4*z, -4*z + 40 = b + 17. Is b a multiple of 17?
False
Let c(l) = -l**3 - 3*l**2 + 5*l - 2. Let o be c(-4). Let i = -1 - o. Suppose j = -5, i*m - 2*m - 52 = 2*j. Is 10 a factor of m?
False
Suppose -2*t - b = -30, 4*b + 72 + 12 = 4*t. Suppose 0 = -y - 5*u + t, -4*y + 35 + 33 = 4*u. Is y a multiple of 8?
False
Suppose 2*c = s + 2*s + 235, 3*s = 3*c - 345. Is c a multiple of 19?
False
Let r = 3 - 3. Suppose -4*q - 24 = -2*s - r*s, 3*s - 3*q - 51 = 0. Suppose x - s = -0*x. Does 11 divide x?
True
Suppose -10 = -s - s. Suppose -4*p - 7 - 13 = 0, -s*p - 1 = 2*u. Is 5 a factor of u?
False
Let q be (1 - 0)/(2/4). Suppose -4*g = -3*f - 135, -57 = -q*g + 4*f + f. Suppose 2*m + 0*m = g. Does 18 divide m?
True
Suppose -3*k + 5*x = -49, 3*k - 4*x - 55 = -5*x. Does 18 divide k?
True
Suppose 3*v - 8 = -r, 0*r - v = -2*r + 23. Does 9 divide r?
False
Let u = 28 + 5. Is u a multiple of 7?
False
Suppose -5*x + 0*x + 2*b = -484, 4*b = -x + 88. Is 16 a factor of x?
True
Suppose 4*l - 2*s = 110, -s = 5*l - 3*s - 139. Suppose 3*d = l + 31. Does 20 divide d?
True
Suppose 0 = r - 2. Suppose -n = -r*n + 6. Is 3 a factor of n?
True
Let p = -179 - -254. Is p a multiple of 8?
False
Suppose 14*o = 15*o - 85. Is o a multiple of 5?
True
Let j = -42 + -35. Let o = -41 - j. Does 12 divide o?
True
Let k(d) = d**3 + 5*d**2 - 8*d + 3. Let z = -13 + 7. Is k(z) a multiple of 5?
True
Let p(d) = -d - 7. Let h be p(-10). Suppose -34 - 47 = -h*b. Is b a multiple of 9?
True
Suppose -7 = -t + 2*q + 5, -t + q = -7. Let m(o) = 3*o - t - 3 + 1 + 1. Is m(4) a multiple of 3?
True
Suppose 134 - 379 = -5*x. Is 17 a factor of x?
False
Let a(j) = 107*j**3 + 2*j**2 - 5*j + 4. Does 9 divide a(1)?
True
Let o = 25 - 20. Is 5 a factor of o?
True
Is 31 a factor of (-104)/(-6)*(-495)/(-30)?
False
Let k(m) = 8*m**2 - 13. Is k(4) a multiple of 13?
False
Let q(s) = 3*s**2 - 9*s + 9. Is q(5) a multiple of 39?
True
Let p(c) = c**2 - 3*c - 3. Let h be p(8). Suppose z - 133 = -4*m - m, -2*m + 5*z + h = 0. Is 22 a factor of m?
False
Let u be (44/(-24) - -1)*-6. Let h(t) = 8*t + 1. Is 17 a factor of h(u)?
False
Suppose 348 = 9*m - 6*m. Does 29 divide m?
True
Let v = 3 + 4. Is 10 a factor of (-2)/v + 576/56?
True
Suppose 18 + 242 = 5*v. Is v a multiple of 16?
False
Let k(p) = -3*p + 4. Let t be k(7). Let y = t + 7. Is (1 - 3)/(5/y) even?
True
Let m = 0 + 1. Suppose f = -m + 5. Is f even?
True
Suppose -k - k = -4. Suppose j - 117 = -k*j. Does 13 divide (-3)/(-11 + 2)*j?
True
Suppose -2*d = 3*d + 30. Let c be (-4)/(-10) + d/15. Let g = c - -3. Is 2 a factor of g?
False
Let k = -34 + 16. Let j(l) = 2*l**2 + 5. Let v be j(-5). Let r = v + k. Is r a multiple of 13?
False
Let o = 1 - -1. Suppose 8 = o*n, l - 2*n + 7*n = 18. Is (3/l)/(15/(-400)) a multiple of 16?
False
Let y = -24 - -26. Suppose y*i - 162 = -0*i. Is i a multiple of 27?
True
Suppose -3*q + 187 = 2*o, 8*o - 311 = -5*q + 4*o. Is 15 a factor of q?
False
Suppose -r = -4*m + 4 - 12, 2*r = -3*m + 60. Is 24 a factor of r?
True
Is 22 a factor of ((-5)/10)/((-1)/44)?
True
Suppose 4*c + 3*m - 538 = 0, -c - 667 = -6*c - m. Does 18 divide c?
False
Let c be -2 + -1 + (22 - 1). Suppose c = 4*p - p. Suppose i - 4*o = p, -4*i + o - 21 = -90. Is 11 a factor of i?
False
Let q(p) = p - 4. Let i be q(5). Let l be (i + 0)*(5 + -3). Suppose -2*d = l*d - 48. Is d a multiple of 12?
True
Let k(b) = -b**3 - 2*b**2 - 6*b. Suppose -2*h = -4 - 2. Suppose 2*z - 2*t + 6 = -z, 3*t = 3*z + h. Does 21 divide k(z)?
False
Is 6 a factor of 1023/21 - (-2)/7?
False
Let z(p) = -p**3 + 9*p**2 - 6*p - 21. Is 5 a factor of z(7)?
True
Let p = -9 - -32. Does 7 divide p?
False
Let f(b) = 2*b**3 - b**2 - 11*b - 14. Let i(t) = -t**3 + 5*t + 7. Let r(v) = 3*f(v) + 7*i(v). Suppose -1 = -n - 6. Is r(n) a multiple of 17?
False
Let m(a) = a + 7. Let z(g) be the first derivative of 2*g**2 - g - 3. Let j be z(-1). Is 2 a factor of m(j)?
True
Let g = -50 + 145. Does 19 divide g?
True
Let l = -50 - -80. Suppose 3*w - 2 = -14. Let y = w + l. Is 13 a factor of y?
True
Let y = 60 + -27. Does 11 divide y?
True
Let t(s) = s**3 - 8*s**2 - 11*s + 21. Is 3 a factor of t(9)?
True
Let t(m) = m**3 - m**2 + 36. Is t(0) a multiple of 18?
True
Let d be 1 + -4 + (4 - 0). Suppose v - 4 = -d. Does 3 divide v?
True
Suppose 2*b - 8 = -2*b. Let u(k) = -k**3 + 4*k**b + 5 - 4*k**2. Is 5 a factor of u(0)?
True
Suppose 16 = 3*s - 20. Let h(d) = -d**3 + 13*d**2 - 11*d - 1. Let w be h(s). Let p(z) = z**3 - 11*z**2 - z + 14. Is 2 a factor of p(w)?
False
Let g = 110 + -43. Does 14 divide g?
False
Let h(d) = -d - 3. Let v be h(-5). Suppose 338 = 4*c - 3*z + z, -c + z + 84 = 0. Is 14 a factor of (8/10)/(v/c)?
False
Let p(u) = -u**2 + 7*u + 2. Let t be p(4). Suppose 3*m - 5*l = -m + 26, -5*m - 3*l + t = 0. Suppose -m*g + 96 = -0*g. Is 8 a factor of g?
True
Is 4 a factor of (10/(-4))/(3/(-30))?
False
Let y be (-45)/(-10) + 2/(-4). Suppose -2*m = -4*m + y*i + 16, 5*m = i + 22. Suppose -11 = 3*o - m*o. Is o a multiple of 5?
False
Is (-2)/(-7) - (-598)/14 a multiple of 14?
False
Let q be 138/9 + (-4)/(-6). Suppose 2*j - q = -2*j. Suppose -4*z + 20 = h, -j*h = -z - 3*h + 5. Is z a multiple of 5?
True
Let n = -2 + 5. Let d(k) = 25*k + 2. Let h be d(2). Suppose n*g = 29 + h. Does 16 divide g?
False
Suppose 3*k - 72 = 4*q, 0 = -4*k - 0*k - q + 96. Let p = -6 + k. Suppose -2*a = -4*a + p. Is a a multiple of 9?
True
Let v(b) = 2*b + 3. Let l be v(-2). Let i(g) = g**3 + g**2 + 2*g. Let r be i(-2). Let d = l - r. Does 5 divide d?
False
Suppose 5*l - 6*l = -2. Suppose -111 = l*z + z. Let v = z - -55. Is v a multiple of 15?
False
Let n = 3 - 5. Let i be n/10 + (-84)/(-20). Suppose -i*y - y + 15 = 0. Is 2 a factor of y?
False
Let x(s) = s + s - s - 3 + 2*s. Let t be x(2). Suppose 3*i - 68 = 2*u + 30, 0 = -3*i - t*u + 78. Does 19 divide i?
False
Let h = 4 + 1. Let k(z) = -5*z**2 - 2 + 0 + 6*z**2 + 0*z + z. Does 14 divide k(h)?
True
Suppose 5*y - 5*z - 470 = 0, -4*z + 218 = -3*y + 5*y. Is 11 a factor of y?
True
Let l = 59 - 24. Does 5 divide l?
True
Let i be 3534/15 - (-2)/5. Suppose 2*g + 2*g - i = 0. Suppose -9 = 2*l - g. Does 20 divide l?
False
Let s = -215 + 358. Does 23 divide s?
False
Let